{"id":247,"date":"2022-03-24T13:05:48","date_gmt":"2022-03-24T13:05:48","guid":{"rendered":"https:\/\/edukace.cochem.cz\/?page_id=247"},"modified":"2022-09-05T10:55:54","modified_gmt":"2022-09-05T10:55:54","slug":"mlcenlivost","status":"publish","type":"page","link":"https:\/\/edukace.cochem.cz\/?page_id=247","title":{"rendered":"Ml\u010denlivost"},"content":{"rendered":"\n<p>Edukace je poradnou poskytov\u00e1na v r\u00e1mci odborn\u00e9ho soci\u00e1ln\u00edho poradenstv\u00ed (upraveno v \u00a7 37 odst. 3 z\u00e1kona \u010d. 108\/2006 Sb., o soci\u00e1ln\u00edch slu\u017eb\u00e1ch).<\/p>\n\n\n\n<p>V \u00a7 100 uveden\u00e9ho z\u00e1kona je upravena ml\u010denlivost poskytovatele soci\u00e1ln\u00edch slu\u017eeb. Dle tohoto ustanoven\u00ed m\u00e1 poskytovatel soci\u00e1ln\u00edch slu\u017eeb povinnost zachov\u00e1vat ml\u010denlivost o \u00fadaj\u00edch t\u00fdkaj\u00edc\u00edch se osob, kter\u00fdm jsou soci\u00e1ln\u00ed slu\u017eby poskytov\u00e1ny.<\/p>\n\n\n\n<p><strong>Povinnosti zachov\u00e1vat ml\u010denlivost mohou b\u00fdt poskytovatel\u00e9 soci\u00e1ln\u00edch slu\u017eeb zbaveni, a to na z\u00e1klad\u011b p\u00edsemn\u00e9ho souhlasu (a s uveden\u00edm rozsahu a \u00fa\u010delu) toho, v jeho\u017e prosp\u011bch povinnost zachov\u00e1vat ml\u010denlivost maj\u00ed. V p\u0159\u00edpad\u011b, \u017ee slu\u017ebu spole\u010dn\u011b vyu\u017e\u00edv\u00e1 v\u00edce klient\u016f (nap\u0159. man\u017eelsk\u00fd p\u00e1r), souhlas mus\u00ed b\u00fdt shodn\u011b ud\u011blen ob\u011bma.<\/strong><\/p>\n\n\n\n<p><strong>Existuj\u00ed v\u0161ak v\u00fdjimky, kdy nen\u00ed ke sd\u011blov\u00e1n\u00ed informac\u00ed t\u0159et\u00edm osob\u00e1m pot\u0159eba souhlasu osob, kter\u00fdm je slu\u017eba poskytov\u00e1na. T\u00fdk\u00e1 se to sd\u011blov\u00e1n\u00ed informac\u00ed soudu <\/strong>(\u00a7 128 z\u00e1kona \u010d. 99\/1963, ob\u010dansk\u00e9ho soudn\u00edho \u0159\u00e1du, v n\u00e1vaznosti na \u00a7 100 z\u00e1kona \u010d. 108\/2006 Sb., o soci\u00e1ln\u00edch slu\u017eb\u00e1ch)<strong> a org\u00e1n\u016fm soci\u00e1ln\u011b-pr\u00e1vn\u00ed ochrany d\u011bt\u00ed <\/strong>(\u00a7 100a z\u00e1kona \u010d. 108\/2006 Sb., o soci\u00e1ln\u00edch slu\u017eb\u00e1ch).<\/p>\n\n\n\n<p>Dle \u00a7 128 v\u011bta prv\u00e1 z\u00e1kona \u010d. 99\/1963, ob\u010dansk\u00e9ho soudn\u00edho \u0159\u00e1du <\/p>\n\n\n\n<blockquote class=\"wp-block-quote is-layout-flow wp-block-quote-is-layout-flow\"><p>ka\u017ed\u00fd je povinen bezplatn\u011b na dotaz sd\u011blit soudu skute\u010dnosti, kter\u00e9 maj\u00ed v\u00fdznam pro \u0159\u00edzen\u00ed a rozhodnut\u00ed<em>.<\/em><\/p><\/blockquote>\n\n\n\n<p>Sd\u011blov\u00e1n\u00ed \u00fadaj\u016f org\u00e1n\u016fm soci\u00e1ln\u011b-pr\u00e1vn\u00ed ochrany d\u011bt\u00ed je upraveno v \u00a7 100a z\u00e1kona \u010d. 108\/2006 Sb., o soci\u00e1ln\u00edch slu\u017eb\u00e1ch.<\/p>\n\n\n\n<p>Dle \u00a7 100a odst. 1 tohoto z\u00e1kona <\/p>\n\n\n\n<blockquote class=\"wp-block-quote is-layout-flow wp-block-quote-is-layout-flow\"><p>poskytovatel soci\u00e1ln\u00edch slu\u017eeb je povinen na p\u00edsemnou \u017e\u00e1dost sd\u011blit bezplatn\u011b org\u00e1nu soci\u00e1ln\u011b-pr\u00e1vn\u00ed ochrany d\u011bt\u00ed \u00fadaje nezbytn\u00e9 pro poskytnut\u00ed soci\u00e1ln\u011b-pr\u00e1vn\u00ed ochrany t\u00fdkaj\u00edc\u00ed se osoby, kter\u00e9 byla rozhodnut\u00edm org\u00e1nu soci\u00e1ln\u011b-pr\u00e1vn\u00ed ochrany d\u011bt\u00ed ulo\u017eena povinnost vyu\u017e\u00edt odbornou poradenskou pomoc podle z\u00e1kona o soci\u00e1ln\u011b-pr\u00e1vn\u00ed ochran\u011b d\u011bt\u00ed. Poskytovatel soci\u00e1ln\u00edch slu\u017eeb je povinen v\u017edy sd\u011blit, zda s osobou uzav\u0159el smlouvu o poskytov\u00e1n\u00ed soci\u00e1ln\u00ed slu\u017eby, dobu platnosti smlouvy, datum ukon\u010den\u00ed poskytov\u00e1n\u00ed soci\u00e1ln\u00ed slu\u017eby, pop\u0159\u00edpad\u011b v\u00fdpov\u011bdn\u00ed d\u016fvod, pokud byla smlouva vypov\u011bzena, a zhodnocen\u00ed pr\u016fb\u011bhu poskytov\u00e1n\u00ed soci\u00e1ln\u00ed slu\u017eby.<\/p><\/blockquote>\n\n\n\n<p>Dle \u00a7 100a odst. 2 tohoto z\u00e1kona <\/p>\n\n\n\n<blockquote class=\"wp-block-quote is-layout-flow wp-block-quote-is-layout-flow\"><p>poskytovatel soci\u00e1ln\u00edch slu\u017eeb, kter\u00fd poskytuje pro rodiny s d\u011btmi nebo pro d\u011bti soci\u00e1ln\u00ed slu\u017ebu uvedenou v \u00a7 37 odst. 3, \u2026, je povinen, pokud nejde o p\u0159\u00edpad uveden\u00fd v odstavci 1 nebo neposkytuje-li soci\u00e1ln\u00ed slu\u017ebu anonymn\u011b, na p\u00edsemnou \u017e\u00e1dost sd\u011blit bezplatn\u011b org\u00e1nu soci\u00e1ln\u011b-pr\u00e1vn\u00ed ochrany d\u011bt\u00ed<\/p><p><em>a) zda osob\u011b uveden\u00e9 v \u017e\u00e1dosti org\u00e1nu soci\u00e1ln\u011b-pr\u00e1vn\u00ed ochrany d\u011bt\u00ed poskytuje nebo poskytoval soci\u00e1ln\u00ed slu\u017ebu,<\/em><br><em>b) druh a formu poskytovan\u00e9 soci\u00e1ln\u00ed slu\u017eby a dobu poskytov\u00e1n\u00ed a<\/em><br><em>c) zhodnocen\u00ed pr\u016fb\u011bhu poskytov\u00e1n\u00ed soci\u00e1ln\u00ed slu\u017eby.<\/em><\/p><p><em>Poskytovatel soci\u00e1ln\u00edch slu\u017eeb m\u00e1 povinnost podle v\u011bty prvn\u00ed jen v t\u011bch p\u0159\u00edpadech, kdy org\u00e1n soci\u00e1ln\u011b-pr\u00e1vn\u00ed ochrany d\u011bt\u00ed v \u017e\u00e1dosti sou\u010dasn\u011b uvede, \u017ee situaci d\u00edt\u011bte a jeho rodiny vyhodnotil podle z\u00e1kona o soci\u00e1ln\u011b-pr\u00e1vn\u00ed ochran\u011b d\u011bt\u00edtak, \u017ee se jedn\u00e1 o d\u00edt\u011b, na n\u011b\u017e se soci\u00e1ln\u011b-pr\u00e1vn\u00ed ochrana d\u011bt\u00ed zam\u011b\u0159uje.<\/em><\/p><\/blockquote>\n\n\n\n<p><strong>\u017d\u00e1dn\u00fdm z uveden\u00fdch ustanoven\u00ed nen\u00ed dot\u010dena z\u00e1konn\u00e1 povinnost oznamovat skute\u010dnosti sv\u011bd\u010d\u00edc\u00ed o t\u00fdr\u00e1n\u00ed, zneu\u017e\u00edv\u00e1n\u00ed \u010di zanedb\u00e1v\u00e1n\u00ed nezletil\u00fdch d\u011bt\u00ed.<\/strong><\/p>\n\n\n\n<p>S ohledem na transparentnost spolupr\u00e1ce by klienti m\u011bli b\u00fdt s v\u00fd\u0161e uveden\u00fdm sezn\u00e1meni, a to je\u0161t\u011b p\u0159ed zapo\u010det\u00edm spolupr\u00e1ce.<\/p>\n\n\n\n<div style=\"height:50px\" aria-hidden=\"true\" class=\"wp-block-spacer\"><\/div>\n\n\n\n<hr class=\"wp-block-separator has-text-color has-css-opacity has-background alignwide is-style-wide\" style=\"background-color:#eac323;color:#eac323\"\/>\n\n\n\n<div style=\"height:30px\" aria-hidden=\"true\" class=\"wp-block-spacer\"><\/div>\n\n\n\n<div class=\"wp-block-buttons alignwide is-content-justification-center is-layout-flex wp-container-core-buttons-is-layout-a89b3969 wp-block-buttons-is-layout-flex\">\n<div class=\"wp-block-button\"><a class=\"wp-block-button__link\" href=\"https:\/\/edukace.cochem.cz\/?page_id=245\">&lt;&lt; <strong>(Mo\u017en\u00e9) v\u00fdsledky\/v\u00fdstupy z navazuj\u00edc\u00ed edukace<\/strong><\/a><\/div>\n\n\n\n<div class=\"wp-block-button\"><a class=\"wp-block-button__link\" href=\"https:\/\/edukace.cochem.cz\/?page_id=249\"><strong>Za\u0161t\u00edt\u011bn\u00ed poskytovatele edukace v\u016f\u010di ostatn\u00edm subjekt\u016fm (soud, OSPOD)<\/strong> &gt;&gt;<\/a><\/div>\n<\/div>\n","protected":false},"excerpt":{"rendered":"<p>Edukace je poradnou poskytov\u00e1na v r\u00e1mci odborn\u00e9ho soci\u00e1ln\u00edho poradenstv\u00ed (upraveno v \u00a7 37 odst. 3 z\u00e1kona \u010d. 108\/2006 Sb., o soci\u00e1ln\u00edch slu\u017eb\u00e1ch). V \u00a7 100 uveden\u00e9ho z\u00e1kona je upravena ml\u010denlivost poskytovatele soci\u00e1ln\u00edch slu\u017eeb. Dle tohoto ustanoven\u00ed m\u00e1 poskytovatel soci\u00e1ln\u00edch slu\u017eeb povinnost zachov\u00e1vat ml\u010denlivost o \u00fadaj\u00edch t\u00fdkaj\u00edc\u00edch se osob, kter\u00fdm jsou soci\u00e1ln\u00ed slu\u017eby poskytov\u00e1ny. Povinnosti zachov\u00e1vat [&hellip;]<\/p>\n","protected":false},"author":1,"featured_media":0,"parent":278,"menu_order":0,"comment_status":"closed","ping_status":"closed","template":"","meta":{"site-sidebar-layout":"default","site-content-layout":"","ast-site-content-layout":"","site-content-style":"default","site-sidebar-style":"default","ast-global-header-display":"","ast-banner-title-visibility":"","ast-main-header-display":"","ast-hfb-above-header-display":"","ast-hfb-below-header-display":"","ast-hfb-mobile-header-display":"","site-post-title":"","ast-breadcrumbs-content":"","ast-featured-img":"","footer-sml-layout":"","theme-transparent-header-meta":"","adv-header-id-meta":"","stick-header-meta":"","header-above-stick-meta":"","header-main-stick-meta":"","header-below-stick-meta":"","astra-migrate-meta-layouts":"default","ast-page-background-enabled":"default","ast-page-background-meta":{"desktop":{"background-color":"var(--ast-global-color-4)","background-image":"","background-repeat":"repeat","background-position":"center center","background-size":"auto","background-attachment":"scroll","background-type":"","background-media":"","overlay-type":"","overlay-color":"","overlay-opacity":"","overlay-gradient":""},"tablet":{"background-color":"","background-image":"","background-repeat":"repeat","background-position":"center center","background-size":"auto","background-attachment":"scroll","background-type":"","background-media":"","overlay-type":"","overlay-color":"","overlay-opacity":"","overlay-gradient":""},"mobile":{"background-color":"","background-image":"","background-repeat":"repeat","background-position":"center center","background-size":"auto","background-attachment":"scroll","background-type":"","background-media":"","overlay-type":"","overlay-color":"","overlay-opacity":"","overlay-gradient":""}},"ast-content-background-meta":{"desktop":{"background-color":"var(--ast-global-color-5)","background-image":"","background-repeat":"repeat","background-position":"center center","background-size":"auto","background-attachment":"scroll","background-type":"","background-media":"","overlay-type":"","overlay-color":"","overlay-opacity":"","overlay-gradient":""},"tablet":{"background-color":"var(--ast-global-color-5)","background-image":"","background-repeat":"repeat","background-position":"center center","background-size":"auto","background-attachment":"scroll","background-type":"","background-media":"","overlay-type":"","overlay-color":"","overlay-opacity":"","overlay-gradient":""},"mobile":{"background-color":"var(--ast-global-color-5)","background-image":"","background-repeat":"repeat","background-position":"center center","background-size":"auto","background-attachment":"scroll","background-type":"","background-media":"","overlay-type":"","overlay-color":"","overlay-opacity":"","overlay-gradient":""}},"footnotes":""},"class_list":["post-247","page","type-page","status-publish","hentry"],"_links":{"self":[{"href":"https:\/\/edukace.cochem.cz\/index.php?rest_route=\/wp\/v2\/pages\/247","targetHints":{"allow":["GET"]}}],"collection":[{"href":"https:\/\/edukace.cochem.cz\/index.php?rest_route=\/wp\/v2\/pages"}],"about":[{"href":"https:\/\/edukace.cochem.cz\/index.php?rest_route=\/wp\/v2\/types\/page"}],"author":[{"embeddable":true,"href":"https:\/\/edukace.cochem.cz\/index.php?rest_route=\/wp\/v2\/users\/1"}],"replies":[{"embeddable":true,"href":"https:\/\/edukace.cochem.cz\/index.php?rest_route=%2Fwp%2Fv2%2Fcomments&post=247"}],"version-history":[{"count":4,"href":"https:\/\/edukace.cochem.cz\/index.php?rest_route=\/wp\/v2\/pages\/247\/revisions"}],"predecessor-version":[{"id":429,"href":"https:\/\/edukace.cochem.cz\/index.php?rest_route=\/wp\/v2\/pages\/247\/revisions\/429"}],"up":[{"embeddable":true,"href":"https:\/\/edukace.cochem.cz\/index.php?rest_route=\/wp\/v2\/pages\/278"}],"wp:attachment":[{"href":"https:\/\/edukace.cochem.cz\/index.php?rest_route=%2Fwp%2Fv2%2Fmedia&parent=247"}],"curies":[{"name":"wp","href":"https:\/\/api.w.org\/{rel}","templated":true}]}}