{"id":243,"date":"2022-03-24T13:05:15","date_gmt":"2022-03-24T13:05:15","guid":{"rendered":"https:\/\/edukace.cochem.cz\/?page_id=243"},"modified":"2022-09-05T10:54:47","modified_gmt":"2022-09-05T10:54:47","slug":"informace-o-vzorech-navrhu-a-jinych-zdrojich-dulezitych-dokumentu","status":"publish","type":"page","link":"https:\/\/edukace.cochem.cz\/?page_id=243","title":{"rendered":"Informace o vzorech n\u00e1vrh\u016f a jin\u00fdch zdroj\u00edch d\u016fle\u017eit\u00fdch dokument\u016f"},"content":{"rendered":"\n<p>Instituce zapojen\u00e9 do interdisciplin\u00e1rn\u00ed spolupr\u00e1ce si zpravidla vytv\u00e1\u0159ej\u00ed nejen jednotn\u00e9 eduka\u010dn\u00ed materi\u00e1ly pro rodi\u010de, p\u0159\u00edpadn\u011b pro d\u011bti, ale i <strong>jednotn\u00e9 vzory n\u00e1vrh\u016f na \u00fapravu p\u00e9\u010de a v\u00fd\u017eivy k nezletil\u00fdm d\u011btem<\/strong>. N\u00e1vrhy se omezuj\u00ed pouze na nezbytn\u00e9 vyl\u00ed\u010den\u00ed rozhoduj\u00edc\u00edch skute\u010dnost\u00ed \u2013 popis aktu\u00e1ln\u00ed situace rodiny \u2013 rodi\u010d\u016f i d\u011bt\u00ed tak, aby n\u00e1vrh d\u00e1le neeskalovat konflikt rodi\u010d\u016f. Tyto materi\u00e1ly spole\u010dn\u011b s dal\u0161\u00edmi informace, nap\u0159. o pr\u016fb\u011bhu soudn\u00edho \u0159\u00edzen\u00ed, postupu zainteresovan\u00fdch instituc\u00ed, principech p\u0159\u00edstupu instituc\u00ed k rodi\u010d\u016fm v rodi\u010dovsk\u00e9m konfliktu p\u0159i nastaven\u00ed p\u00e9\u010de o d\u011bti, jsou pak zpravidla ve\u0159ejn\u011b dostupn\u00e9 (st\u00e1vaj\u00ed se sou\u010d\u00e1st\u00ed edukace), a to na webov\u00fdch str\u00e1nk\u00e1ch soudu, OSPOD i poskytovatel\u016f odborn\u00e9 pomoci. Zainteresovan\u00fdmi institucemi jsou pak sd\u00edleny i vzory dohod rodi\u010d\u016f, kter\u00e9 maj\u00ed b\u00fdt takov\u00e9, aby v p\u0159\u00edpad\u011b jejich p\u0159evzet\u00ed do v\u00fdroku soudn\u00edho rozhodnut\u00ed bylo toto rozhodnut\u00ed vykonateln\u00e9.<\/p>\n\n\n\n<p>P\u0159\u00edlohou metodiky jsou n\u011bkter\u00e9 vzory n\u00e1vrh\u016f: N\u00e1vrh soudu schv\u00e1len\u00ed dohody \u2013 p\u00e9\u010de jednoho z rodi\u010d\u016f\/spole\u010dn\u00e1 p\u00e9\u010de\/st\u0159\u00eddav\u00e1 p\u00e9\u010de, Dohoda rodi\u010d\u016f o \u00faprav\u011b pom\u011br\u016f k nezletil\u00e9mu d\u00edt\u011bti \u2013 p\u00e9\u010de jednoho z rodi\u010d\u016f\/spole\u010dn\u00e1 p\u00e9\u010de\/st\u0159\u00eddav\u00e1 p\u00e9\u010de.<\/p>\n\n\n\n<div style=\"height:50px\" aria-hidden=\"true\" class=\"wp-block-spacer\"><\/div>\n\n\n\n<hr class=\"wp-block-separator has-text-color has-css-opacity has-background alignwide is-style-wide\" style=\"background-color:#eac323;color:#eac323\"\/>\n\n\n\n<div style=\"height:30px\" aria-hidden=\"true\" class=\"wp-block-spacer\"><\/div>\n\n\n\n<div class=\"wp-block-buttons alignwide is-content-justification-center is-layout-flex wp-container-core-buttons-is-layout-a89b3969 wp-block-buttons-is-layout-flex\">\n<div class=\"wp-block-button\"><a class=\"wp-block-button__link\" href=\"https:\/\/edukace.cochem.cz\/?page_id=241\">&lt;&lt; <strong>Rodi\u010dovsk\u00fd pl\u00e1n<\/strong><\/a><\/div>\n\n\n\n<div class=\"wp-block-button\"><a class=\"wp-block-button__link\" href=\"https:\/\/edukace.cochem.cz\/?page_id=245\"><strong>(Mo\u017en\u00e9) v\u00fdsledky\/v\u00fdstupy z navazuj\u00edc\u00ed edukace<\/strong> &gt;&gt;<\/a><\/div>\n<\/div>\n","protected":false},"excerpt":{"rendered":"<p>Instituce zapojen\u00e9 do interdisciplin\u00e1rn\u00ed spolupr\u00e1ce si zpravidla vytv\u00e1\u0159ej\u00ed nejen jednotn\u00e9 eduka\u010dn\u00ed materi\u00e1ly pro rodi\u010de, p\u0159\u00edpadn\u011b pro d\u011bti, ale i jednotn\u00e9 vzory n\u00e1vrh\u016f na \u00fapravu p\u00e9\u010de a v\u00fd\u017eivy k nezletil\u00fdm d\u011btem. N\u00e1vrhy se omezuj\u00ed pouze na nezbytn\u00e9 vyl\u00ed\u010den\u00ed rozhoduj\u00edc\u00edch skute\u010dnost\u00ed \u2013 popis aktu\u00e1ln\u00ed situace rodiny \u2013 rodi\u010d\u016f i d\u011bt\u00ed tak, aby n\u00e1vrh d\u00e1le neeskalovat konflikt rodi\u010d\u016f. [&hellip;]<\/p>\n","protected":false},"author":1,"featured_media":0,"parent":278,"menu_order":0,"comment_status":"closed","ping_status":"closed","template":"","meta":{"site-sidebar-layout":"default","site-content-layout":"","ast-site-content-layout":"","site-content-style":"default","site-sidebar-style":"default","ast-global-header-display":"","ast-banner-title-visibility":"","ast-main-header-display":"","ast-hfb-above-header-display":"","ast-hfb-below-header-display":"","ast-hfb-mobile-header-display":"","site-post-title":"","ast-breadcrumbs-content":"","ast-featured-img":"","footer-sml-layout":"","theme-transparent-header-meta":"","adv-header-id-meta":"","stick-header-meta":"","header-above-stick-meta":"","header-main-stick-meta":"","header-below-stick-meta":"","astra-migrate-meta-layouts":"default","ast-page-background-enabled":"default","ast-page-background-meta":{"desktop":{"background-color":"var(--ast-global-color-4)","background-image":"","background-repeat":"repeat","background-position":"center center","background-size":"auto","background-attachment":"scroll","background-type":"","background-media":"","overlay-type":"","overlay-color":"","overlay-opacity":"","overlay-gradient":""},"tablet":{"background-color":"","background-image":"","background-repeat":"repeat","background-position":"center center","background-size":"auto","background-attachment":"scroll","background-type":"","background-media":"","overlay-type":"","overlay-color":"","overlay-opacity":"","overlay-gradient":""},"mobile":{"background-color":"","background-image":"","background-repeat":"repeat","background-position":"center center","background-size":"auto","background-attachment":"scroll","background-type":"","background-media":"","overlay-type":"","overlay-color":"","overlay-opacity":"","overlay-gradient":""}},"ast-content-background-meta":{"desktop":{"background-color":"var(--ast-global-color-5)","background-image":"","background-repeat":"repeat","background-position":"center center","background-size":"auto","background-attachment":"scroll","background-type":"","background-media":"","overlay-type":"","overlay-color":"","overlay-opacity":"","overlay-gradient":""},"tablet":{"background-color":"var(--ast-global-color-5)","background-image":"","background-repeat":"repeat","background-position":"center center","background-size":"auto","background-attachment":"scroll","background-type":"","background-media":"","overlay-type":"","overlay-color":"","overlay-opacity":"","overlay-gradient":""},"mobile":{"background-color":"var(--ast-global-color-5)","background-image":"","background-repeat":"repeat","background-position":"center center","background-size":"auto","background-attachment":"scroll","background-type":"","background-media":"","overlay-type":"","overlay-color":"","overlay-opacity":"","overlay-gradient":""}},"footnotes":""},"class_list":["post-243","page","type-page","status-publish","hentry"],"_links":{"self":[{"href":"https:\/\/edukace.cochem.cz\/index.php?rest_route=\/wp\/v2\/pages\/243","targetHints":{"allow":["GET"]}}],"collection":[{"href":"https:\/\/edukace.cochem.cz\/index.php?rest_route=\/wp\/v2\/pages"}],"about":[{"href":"https:\/\/edukace.cochem.cz\/index.php?rest_route=\/wp\/v2\/types\/page"}],"author":[{"embeddable":true,"href":"https:\/\/edukace.cochem.cz\/index.php?rest_route=\/wp\/v2\/users\/1"}],"replies":[{"embeddable":true,"href":"https:\/\/edukace.cochem.cz\/index.php?rest_route=%2Fwp%2Fv2%2Fcomments&post=243"}],"version-history":[{"count":4,"href":"https:\/\/edukace.cochem.cz\/index.php?rest_route=\/wp\/v2\/pages\/243\/revisions"}],"predecessor-version":[{"id":428,"href":"https:\/\/edukace.cochem.cz\/index.php?rest_route=\/wp\/v2\/pages\/243\/revisions\/428"}],"up":[{"embeddable":true,"href":"https:\/\/edukace.cochem.cz\/index.php?rest_route=\/wp\/v2\/pages\/278"}],"wp:attachment":[{"href":"https:\/\/edukace.cochem.cz\/index.php?rest_route=%2Fwp%2Fv2%2Fmedia&parent=243"}],"curies":[{"name":"wp","href":"https:\/\/api.w.org\/{rel}","templated":true}]}}